{"id":16,"date":"2023-11-22T13:44:48","date_gmt":"2023-11-22T12:44:48","guid":{"rendered":"https:\/\/aubadepiscine.fr\/?page_id=16"},"modified":"2024-05-23T08:54:26","modified_gmt":"2024-05-23T06:54:26","slug":"piscine","status":"publish","type":"page","link":"https:\/\/aubadepiscine.fr\/?page_id=16","title":{"rendered":"A propos"},"content":{"rendered":"<p>[et_pb_section fb_built=\u00a0\u00bb1&Prime; _builder_version=\u00a0\u00bb4.23.1&Prime; _module_preset=\u00a0\u00bbdefault\u00a0\u00bb custom_margin=\u00a0\u00bb23px||||false|false\u00a0\u00bb custom_padding=\u00a0\u00bb||4px|||\u00a0\u00bb global_colors_info=\u00a0\u00bb{}\u00a0\u00bb][et_pb_row column_structure=\u00a0\u00bb1_2,1_2&Prime; _builder_version=\u00a0\u00bb4.23.1&Prime; _module_preset=\u00a0\u00bbdefault\u00a0\u00bb global_colors_info=\u00a0\u00bb{}\u00a0\u00bb][et_pb_column type=\u00a0\u00bb1_2&Prime; _builder_version=\u00a0\u00bb4.23.1&Prime; _module_preset=\u00a0\u00bbdefault\u00a0\u00bb global_colors_info=\u00a0\u00bb{}\u00a0\u00bb][et_pb_text _builder_version=\u00a0\u00bb4.23.2&Prime; _module_preset=\u00a0\u00bbdefault\u00a0\u00bb text_font=\u00a0\u00bbPoppins||||||||\u00a0\u00bb text_text_color=\u00a0\u00bb#102A55&Prime; text_font_size=\u00a0\u00bb23px\u00a0\u00bb header_line_height=\u00a0\u00bb1.2em\u00a0\u00bb text_font_size_tablet=\u00a0\u00bb23px\u00a0\u00bb text_font_size_phone=\u00a0\u00bb20px\u00a0\u00bb text_font_size_last_edited=\u00a0\u00bbon|phone\u00a0\u00bb header_text_align_tablet=\u00a0\u00bbcenter\u00a0\u00bb header_text_align_phone=\u00a0\u00bbcenter\u00a0\u00bb header_text_align_last_edited=\u00a0\u00bbon|tablet\u00a0\u00bb header_font_size_tablet=\u00a0\u00bb28px\u00a0\u00bb header_font_size_phone=\u00a0\u00bb28px\u00a0\u00bb header_font_size_last_edited=\u00a0\u00bbon|tablet\u00a0\u00bb text_orientation_tablet=\u00a0\u00bb\u00a0\u00bb text_orientation_phone=\u00a0\u00bbcenter\u00a0\u00bb text_orientation_last_edited=\u00a0\u00bbon|phone\u00a0\u00bb global_colors_info=\u00a0\u00bb{}\u00a0\u00bb]<\/p>\n<h1><strong>Aubade piscine, aux alentours de Toulon et dans le VAR, depuis plus de 20 ans !<\/strong><\/h1>\n<p>[\/et_pb_text][et_pb_text _builder_version=\u00a0\u00bb4.23.2&Prime; _module_preset=\u00a0\u00bbdefault\u00a0\u00bb text_font=\u00a0\u00bbPoppins||||||||\u00a0\u00bb header_2_font=\u00a0\u00bbPoppins||||||||\u00a0\u00bb header_2_font_size=\u00a0\u00bb17px\u00a0\u00bb header_2_line_height=\u00a0\u00bb1.1em\u00a0\u00bb text_orientation=\u00a0\u00bbjustified\u00a0\u00bb custom_margin=\u00a0\u00bb-15px||||false|false\u00a0\u00bb text_orientation_tablet=\u00a0\u00bbjustified\u00a0\u00bb text_orientation_phone=\u00a0\u00bbcenter\u00a0\u00bb text_orientation_last_edited=\u00a0\u00bbon|phone\u00a0\u00bb global_colors_info=\u00a0\u00bb{}\u00a0\u00bb]<\/p>\n<h2>C&rsquo;est en 2004 que Renaud VISCONTI et Emmanuel LUYA associent leur savoir-faire en cr\u00e9ant <strong>AUBADE PISCINE<\/strong> laquelle transforme la soci\u00e9t\u00e9 d\u00e9marr\u00e9e en 2003 par Renaud.<br \/>Emmanuel (portable <strong>06 15 51 41 28<\/strong>) est responsable des \u00e9tudes de projet tandis que Renaud (portable <strong>06 24 61 77 74<\/strong>) est en charge des <strong>r\u00e9alisations.<\/strong><\/h2>\n<p>[\/et_pb_text][et_pb_text _builder_version=\u00a0\u00bb4.23.2&Prime; _module_preset=\u00a0\u00bbdefault\u00a0\u00bb text_font=\u00a0\u00bbPoppins||||||||\u00a0\u00bb text_font_size=\u00a0\u00bb16px\u00a0\u00bb header_2_font_size=\u00a0\u00bb17px\u00a0\u00bb header_2_line_height=\u00a0\u00bb1.2em\u00a0\u00bb text_orientation=\u00a0\u00bbjustified\u00a0\u00bb text_orientation_tablet=\u00a0\u00bbjustified\u00a0\u00bb text_orientation_phone=\u00a0\u00bbcenter\u00a0\u00bb text_orientation_last_edited=\u00a0\u00bbon|phone\u00a0\u00bb global_colors_info=\u00a0\u00bb{}\u00a0\u00bb]<\/p>\n<h2>\u00ab\u00a0Au fil des ann\u00e9es, nous avons d\u00e9velopp\u00e9 une approche compl\u00e8tement personnalis\u00e9e pour chacun de nos clients :<br \/>Lors d\u2019une v\u00e9ritable consultation pens\u00e9e comme un \u00e9change, nous abordons votre <strong>projet piscine<\/strong> en t\u00e2chant de conjuguer r\u00eave et r\u00e9alit\u00e9.<br \/>Architecte de votre vision, vous nous faites part de vos envies tandis que nous nous effor\u00e7ons de les adapter aux contraintes du terrain et \u00e0 votre enveloppe budg\u00e9taire\u00a0\u00bb. <\/p>\n<p>Plus de 20 ann\u00e9es d\u00e9j\u00e0 qu&rsquo;<strong>Aubade Piscine<\/strong> est sp\u00e9cialis\u00e9e dans la <strong>vente<\/strong> et l<strong>&lsquo;installation de piscines en coque polyester dans le VAR<\/strong>\u00a0et vous propose des solutions pour mener \u00e0 bien <strong>votre projet<\/strong> <strong>piscine<\/strong>.<\/h2>\n<h2><\/h2>\n<p>[\/et_pb_text][et_pb_text _builder_version=\u00a0\u00bb4.23.1&Prime; _module_preset=\u00a0\u00bbdefault\u00a0\u00bb text_font=\u00a0\u00bbPoppins||||||||\u00a0\u00bb text_font_size=\u00a0\u00bb16px\u00a0\u00bb custom_margin=\u00a0\u00bb-36px||||false|false\u00a0\u00bb global_colors_info=\u00a0\u00bb{}\u00a0\u00bb]<\/p>\n<p><strong>Nos engagements<\/strong><\/p>\n<p>&#8211; Conseils adapt\u00e9s au terrain et au budget<br \/>&#8211; Respect de nos engagements (<strong>devis<\/strong> et d\u00e9lais)<br \/>&#8211;\u00a0 Interlocuteur unique<br \/>&#8211; Travaux sans sous traitance<\/p>\n<p>&nbsp;<\/p>\n<p>[\/et_pb_text][\/et_pb_column][et_pb_column type=\u00a0\u00bb1_2&Prime; _builder_version=\u00a0\u00bb4.23.1&Prime; _module_preset=\u00a0\u00bbdefault\u00a0\u00bb global_colors_info=\u00a0\u00bb{}\u00a0\u00bb][et_pb_image src=\u00a0\u00bbhttps:\/\/aubadepiscine.fr\/wp-content\/uploads\/2023\/11\/Photo-page-a-propos.jpg\u00a0\u00bb alt=\u00a0\u00bbPose piscine coque\u00a0\u00bb title_text=\u00a0\u00bbPose piscine coque\u00a0\u00bb _builder_version=\u00a0\u00bb4.23.1&Prime; _module_preset=\u00a0\u00bbdefault\u00a0\u00bb global_colors_info=\u00a0\u00bb{}\u00a0\u00bb][\/et_pb_image][et_pb_text _builder_version=\u00a0\u00bb4.23.1&Prime; _module_preset=\u00a0\u00bbdefault\u00a0\u00bb text_font=\u00a0\u00bbPoppins||||||||\u00a0\u00bb text_font_size=\u00a0\u00bb16px\u00a0\u00bb global_colors_info=\u00a0\u00bb{}\u00a0\u00bb]<\/p>\n<p>&#8211; <strong>Installation coque polyester garantie<\/strong> par une <a href=\"https:\/\/aubadepiscine.fr\/wp-content\/uploads\/2023\/12\/AUBADE-PISCINES-6048121004-202324-1.pdf\"><strong>assurance d\u00e9cennale.<\/strong><\/a><\/p>\n<p><strong>\u00a0(<\/strong> BTPlus AXA n\u00b0 6048121004)<\/p>\n<p>&nbsp;<\/p>\n<p>&#8211; Membre FPP et label PROPISCINES<\/p>\n<p>[\/et_pb_text][et_pb_image src=\u00a0\u00bbhttp:\/\/aubadepiscine.fr\/wp-content\/uploads\/2023\/11\/logo.png\u00a0\u00bb alt=\u00a0\u00bbLogo f\u00e9d\u00e9ration des pro de la piscine\u00a0\u00bb title_text=\u00a0\u00bbLogo f\u00e9d\u00e9ration des pro de la piscine\u00a0\u00bb align_tablet=\u00a0\u00bbcenter\u00a0\u00bb align_phone=\u00a0\u00bbcenter\u00a0\u00bb align_last_edited=\u00a0\u00bbon|phone\u00a0\u00bb _builder_version=\u00a0\u00bb4.23.1&Prime; _module_preset=\u00a0\u00bbdefault\u00a0\u00bb global_colors_info=\u00a0\u00bb{}\u00a0\u00bb][\/et_pb_image][\/et_pb_column][\/et_pb_row][\/et_pb_section][et_pb_section fb_built=\u00a0\u00bb1&Prime; _builder_version=\u00a0\u00bb4.23.1&Prime; _module_preset=\u00a0\u00bbdefault\u00a0\u00bb custom_padding=\u00a0\u00bb||16px|||\u00a0\u00bb global_colors_info=\u00a0\u00bb{}\u00a0\u00bb][et_pb_row _builder_version=\u00a0\u00bb4.23.1&Prime; _module_preset=\u00a0\u00bbdefault\u00a0\u00bb custom_margin=\u00a0\u00bb-35px||||false|false\u00a0\u00bb global_colors_info=\u00a0\u00bb{}\u00a0\u00bb][et_pb_column type=\u00a0\u00bb4_4&Prime; _builder_version=\u00a0\u00bb4.23.1&Prime; _module_preset=\u00a0\u00bbdefault\u00a0\u00bb global_colors_info=\u00a0\u00bb{}\u00a0\u00bb][et_pb_text _builder_version=\u00a0\u00bb4.23.2&Prime; _module_preset=\u00a0\u00bbdefault\u00a0\u00bb text_font=\u00a0\u00bbPoppins||||||||\u00a0\u00bb text_text_color=\u00a0\u00bb#102A55&Prime; text_font_size=\u00a0\u00bb16px\u00a0\u00bb header_text_color=\u00a0\u00bb#102A55&Prime; header_2_font=\u00a0\u00bbPoppins||||||||\u00a0\u00bb text_orientation=\u00a0\u00bbjustified\u00a0\u00bb header_text_align_tablet=\u00a0\u00bb\u00a0\u00bb header_text_align_phone=\u00a0\u00bbcenter\u00a0\u00bb header_text_align_last_edited=\u00a0\u00bbon|phone\u00a0\u00bb text_orientation_tablet=\u00a0\u00bbjustified\u00a0\u00bb text_orientation_phone=\u00a0\u00bbcenter\u00a0\u00bb text_orientation_last_edited=\u00a0\u00bbon|phone\u00a0\u00bb global_colors_info=\u00a0\u00bb{}\u00a0\u00bb]<\/p>\n<div id=\"cc-m-9778218724\" class=\"j-module n j-header \">\n<h2 id=\"cc-m-header-9778218724\">Des piscines et des hommes<\/h2>\n<\/div>\n<div id=\"cc-m-9778222524\" class=\"j-module n j-text \">\n<p>Notre \u00e9quipe est riche des individus qui la compose : de l\u2019\u00e9nergie \u00e0 revendre, le sens des responsabilit\u00e9s, une dose d&rsquo;humour et de bonne humeur.<br \/>Au cours des ann\u00e9es, nous avons eu tout le loisir de proposer \u00e0 nos clients des alternatives \u00e0 la traditionnelle installation en<span>\u00a0<\/span><strong>pr\u00eate \u00e0 plonger :<\/strong>\u00a0si celle-ci reste notre c\u0153ur de m\u00e9tier, la d\u00e9mocratisation de la<span>\u00a0<\/span><strong>piscine<\/strong><span>\u00a0<\/span>va de pair avec le d\u00e9veloppement de v\u00e9ritables formules \u00e0 la carte.<br \/>Une formule \u00e0 la carte introduit de la souplesse et a pour but de vous permettre de boucler votre budget sans rogner sur la qualit\u00e9 et la p\u00e9rennit\u00e9 de votre installation.<br \/>De m\u00eame que vous \u00eates unique, nous ne proposons que des solutions personnalis\u00e9es et r\u00e9alistes : vous \u00eates capables de manutentionner du gravier (l&rsquo;id\u00e9al \u00e9tant de pouvoir compter sur quelques amis bienveillants) nous pouvons vous d\u00e9l\u00e9guer l&rsquo;une des \u00e9tapes les plus on\u00e9reuses de notre installation, \u00e0 savoir le remblaiement p\u00e9riph\u00e9rique.<\/p>\n<\/div>\n<div id=\"cc-m-9695696324\" class=\"j-module n j-text \">\n<p>Emmanuel LUYA et Renaud VISCONTI, associ\u00e9s fondateurs sont \u00e0 votre disposition pour prendre en main votre<span>\u00a0<\/span><strong>projet de piscine<\/strong>.<br \/>Ils vous conseilleront \u00e9galement pour l&rsquo;<strong>entretien de votre piscine<\/strong>, le<span>\u00a0<\/span><strong>traitement de l&rsquo;eau<\/strong><span>\u00a0<\/span>de celle-ci, pour le choix de votre<span>\u00a0<\/span><strong>pompe \u00e0 chaleur<\/strong><span>\u00a0<\/span>ou de votre<span>\u00a0<\/span><strong>volet de protection<\/strong>&#8230;<\/p>\n<\/div>\n<p>[\/et_pb_text][\/et_pb_column][\/et_pb_row][\/et_pb_section][et_pb_section fb_built=\u00a0\u00bb1&Prime; _builder_version=\u00a0\u00bb4.23.1&Prime; _module_preset=\u00a0\u00bbdefault\u00a0\u00bb custom_padding=\u00a0\u00bb0px||1px|||\u00a0\u00bb global_colors_info=\u00a0\u00bb{}\u00a0\u00bb][et_pb_row _builder_version=\u00a0\u00bb4.23.1&Prime; _module_preset=\u00a0\u00bbdefault\u00a0\u00bb global_colors_info=\u00a0\u00bb{}\u00a0\u00bb][et_pb_column type=\u00a0\u00bb4_4&Prime; _builder_version=\u00a0\u00bb4.23.1&Prime; _module_preset=\u00a0\u00bbdefault\u00a0\u00bb global_colors_info=\u00a0\u00bb{}\u00a0\u00bb][et_pb_divider color=\u00a0\u00bb#102A55&Prime; _builder_version=\u00a0\u00bb4.23.1&Prime; _module_preset=\u00a0\u00bbdefault\u00a0\u00bb global_colors_info=\u00a0\u00bb{}\u00a0\u00bb][\/et_pb_divider][\/et_pb_column][\/et_pb_row][\/et_pb_section][et_pb_section fb_built=\u00a0\u00bb1&Prime; _builder_version=\u00a0\u00bb4.23.1&Prime; _module_preset=\u00a0\u00bbdefault\u00a0\u00bb custom_padding=\u00a0\u00bb2px|||||\u00a0\u00bb global_colors_info=\u00a0\u00bb{}\u00a0\u00bb][et_pb_row _builder_version=\u00a0\u00bb4.23.1&Prime; _module_preset=\u00a0\u00bbdefault\u00a0\u00bb global_colors_info=\u00a0\u00bb{}\u00a0\u00bb][et_pb_column type=\u00a0\u00bb4_4&Prime; _builder_version=\u00a0\u00bb4.23.1&Prime; _module_preset=\u00a0\u00bbdefault\u00a0\u00bb global_colors_info=\u00a0\u00bb{}\u00a0\u00bb][et_pb_text _builder_version=\u00a0\u00bb4.23.1&Prime; _module_preset=\u00a0\u00bbdefault\u00a0\u00bb text_font=\u00a0\u00bbPoppins||||||||\u00a0\u00bb text_text_color=\u00a0\u00bb#102A55&Prime; text_font_size=\u00a0\u00bb17px\u00a0\u00bb header_2_font=\u00a0\u00bbPoppins||||||||\u00a0\u00bb header_2_text_align=\u00a0\u00bbcenter\u00a0\u00bb header_2_text_color=\u00a0\u00bb#102A55&Prime; text_orientation=\u00a0\u00bbcenter\u00a0\u00bb global_colors_info=\u00a0\u00bb{}\u00a0\u00bb]<\/p>\n<div id=\"cc-m-9778114924\" class=\"j-module n j-header \">\n<h2 id=\"cc-m-header-9778114924\">Les partenaires d&rsquo;Aubade Piscine<\/h2>\n<\/div>\n<div id=\"cc-m-9778115824\" class=\"j-module n j-text \">\n<p>Pour l&rsquo;entretien de votre piscine, o\u00f9 l&rsquo;\u00e9quipement de celle-ci,<span>\u00a0<\/span><strong>Aubade Piscine<\/strong><span>\u00a0<\/span>est le partenaire de plusieurs marques de qualit\u00e9 de renomm\u00e9e internationale&#8230;<\/p>\n<p>&nbsp;<\/p>\n<\/div>\n<div id=\"cc-m-9776586124\" class=\"j-module n j-text \">\n<p>Retrouvez ici diff\u00e9rents partenaires d&rsquo;<strong>Aubade Piscine <\/strong>:<\/p>\n<\/div>\n<p>[\/et_pb_text][\/et_pb_column][\/et_pb_row][\/et_pb_section][et_pb_section fb_built=\u00a0\u00bb1&Prime; _builder_version=\u00a0\u00bb4.23.1&Prime; _module_preset=\u00a0\u00bbdefault\u00a0\u00bb custom_margin=\u00a0\u00bb-93px||-56px||false|false\u00a0\u00bb global_colors_info=\u00a0\u00bb{}\u00a0\u00bb][et_pb_row _builder_version=\u00a0\u00bb4.23.1&Prime; _module_preset=\u00a0\u00bbdefault\u00a0\u00bb global_colors_info=\u00a0\u00bb{}\u00a0\u00bb][et_pb_column type=\u00a0\u00bb4_4&Prime; _builder_version=\u00a0\u00bb4.23.1&Prime; _module_preset=\u00a0\u00bbdefault\u00a0\u00bb global_colors_info=\u00a0\u00bb{}\u00a0\u00bb][dsm_image_carousel gallery_ids=\u00a0\u00bb418,426,422,849,866,857,856,861,817,867,871,1007&Prime; gallery_orderby=\u00a0\u00bbrand\u00a0\u00bb lazyload=\u00a0\u00bbon\u00a0\u00bb slide_to_show=\u00a0\u00bb5&Prime; autoplay_speed=\u00a0\u00bb1800&Prime; arrows=\u00a0\u00bboff\u00a0\u00bb dots=\u00a0\u00bboff\u00a0\u00bb _builder_version=\u00a0\u00bb4.25.1&Prime; _module_preset=\u00a0\u00bbdefault\u00a0\u00bb hover_enabled=\u00a0\u00bb0&Prime; global_colors_info=\u00a0\u00bb{}\u00a0\u00bb sticky_enabled=\u00a0\u00bb0&Prime;][\/dsm_image_carousel][\/et_pb_column][\/et_pb_row][\/et_pb_section]<\/p>\n","protected":false},"excerpt":{"rendered":"<p>Aubade piscine, aux alentours de Toulon et dans le VAR, depuis plus de 20 ans !C&rsquo;est en 2004 que Renaud VISCONTI et Emmanuel LUYA associent leur savoir-faire en cr\u00e9ant AUBADE PISCINE laquelle transforme la soci\u00e9t\u00e9 d\u00e9marr\u00e9e en 2003 par Renaud.Emmanuel (portable 06 15 51 41 28) est responsable des \u00e9tudes de projet tandis que Renaud (portable 06 24 61 77 74) est en charge des r\u00e9alisations.\u00a0\u00bbAu fil des ann\u00e9es, nous avons d\u00e9velopp\u00e9 une approche compl\u00e8tement personnalis\u00e9e pour chacun de nos clients :Lors d\u2019une v\u00e9ritable consultation pens\u00e9e comme un \u00e9change, nous abordons votre projet piscine en t\u00e2chant de conjuguer r\u00eave et r\u00e9alit\u00e9.Architecte de votre vision, vous nous faites part de vos envies tandis que nous nous effor\u00e7ons de les adapter aux contraintes du terrain et \u00e0 votre enveloppe budg\u00e9taire\u00a0\u00bb. Plus de 20 ann\u00e9es d\u00e9j\u00e0 qu&rsquo;Aubade Piscine est sp\u00e9cialis\u00e9e dans la vente et l&rsquo;installation de piscines en coque polyester dans le VAR\u00a0et vous propose des solutions pour mener \u00e0 bien votre projet piscine. Nos engagements &#8211; Conseils adapt\u00e9s au terrain et au budget- Respect de nos engagements (devis et d\u00e9lais)-\u00a0 Interlocuteur unique- Travaux sans sous traitance &nbsp;&#8211; Installation coque polyester garantie par une assurance d\u00e9cennale. \u00a0( BTPlus AXA n\u00b0 6048121004) &nbsp; &#8211; [&hellip;]<\/p>\n","protected":false},"author":1,"featured_media":0,"parent":0,"menu_order":0,"comment_status":"closed","ping_status":"closed","template":"","meta":{"_et_pb_use_builder":"on","_et_pb_old_content":"","_et_gb_content_width":"","footnotes":""},"class_list":["post-16","page","type-page","status-publish","hentry"],"yoast_head":"<!-- This site is optimized with the Yoast SEO plugin v27.2 - https:\/\/yoast.com\/product\/yoast-seo-wordpress\/ -->\n<title>A propos - aubadepiscine.fr<\/title>\n<meta name=\"description\" content=\"Aubade piscine, notre engagement va au-del\u00e0 de l\u2019installation. Nous offrons un service apr\u00e8s-vente d\u00e9di\u00e9, pour le bon fonctionnement de votre piscine.\" \/>\n<meta name=\"robots\" content=\"index, follow, max-snippet:-1, max-image-preview:large, max-video-preview:-1\" \/>\n<link rel=\"canonical\" href=\"https:\/\/aubadepiscine.fr\/?page_id=16\" \/>\n<meta property=\"og:locale\" content=\"fr_FR\" \/>\n<meta property=\"og:type\" content=\"article\" \/>\n<meta property=\"og:title\" content=\"A propos - aubadepiscine.fr\" \/>\n<meta property=\"og:description\" content=\"Aubade piscine, notre engagement va au-del\u00e0 de l\u2019installation. Nous offrons un service apr\u00e8s-vente d\u00e9di\u00e9, pour le bon fonctionnement de votre piscine.\" \/>\n<meta property=\"og:url\" content=\"https:\/\/aubadepiscine.fr\/?page_id=16\" \/>\n<meta property=\"og:site_name\" content=\"aubadepiscine.fr\" \/>\n<meta property=\"article:publisher\" content=\"https:\/\/www.facebook.com\/aubadepiscine\" \/>\n<meta property=\"article:modified_time\" content=\"2024-05-23T06:54:26+00:00\" \/>\n<meta property=\"og:image\" content=\"https:\/\/aubadepiscine.fr\/wp-content\/uploads\/2023\/11\/piscine-carre-excel-aubade-2.jpg\" \/>\n\t<meta property=\"og:image:width\" content=\"1920\" \/>\n\t<meta property=\"og:image:height\" content=\"1280\" \/>\n\t<meta property=\"og:image:type\" content=\"image\/jpeg\" \/>\n<meta name=\"twitter:card\" content=\"summary_large_image\" \/>\n<meta name=\"twitter:label1\" content=\"Dur\u00e9e de lecture estim\u00e9e\" \/>\n\t<meta name=\"twitter:data1\" content=\"5 minutes\" \/>\n<script type=\"application\/ld+json\" class=\"yoast-schema-graph\">{\"@context\":\"https:\/\/schema.org\",\"@graph\":[{\"@type\":\"WebPage\",\"@id\":\"https:\/\/aubadepiscine.fr\/?page_id=16\",\"url\":\"https:\/\/aubadepiscine.fr\/?page_id=16\",\"name\":\"A propos - aubadepiscine.fr\",\"isPartOf\":{\"@id\":\"https:\/\/aubadepiscine.fr\/#website\"},\"datePublished\":\"2023-11-22T12:44:48+00:00\",\"dateModified\":\"2024-05-23T06:54:26+00:00\",\"description\":\"Aubade piscine, notre engagement va au-del\u00e0 de l\u2019installation. Nous offrons un service apr\u00e8s-vente d\u00e9di\u00e9, pour le bon fonctionnement de votre piscine.\",\"breadcrumb\":{\"@id\":\"https:\/\/aubadepiscine.fr\/?page_id=16#breadcrumb\"},\"inLanguage\":\"fr-FR\",\"potentialAction\":[{\"@type\":\"ReadAction\",\"target\":[\"https:\/\/aubadepiscine.fr\/?page_id=16\"]}]},{\"@type\":\"BreadcrumbList\",\"@id\":\"https:\/\/aubadepiscine.fr\/?page_id=16#breadcrumb\",\"itemListElement\":[{\"@type\":\"ListItem\",\"position\":1,\"name\":\"Accueil\",\"item\":\"https:\/\/aubadepiscine.fr\/\"},{\"@type\":\"ListItem\",\"position\":2,\"name\":\"A propos\"}]},{\"@type\":\"WebSite\",\"@id\":\"https:\/\/aubadepiscine.fr\/#website\",\"url\":\"https:\/\/aubadepiscine.fr\/\",\"name\":\"aubadepiscine.fr\",\"description\":\"Aubade piscine coque, Toulon et ses environs !\",\"publisher\":{\"@id\":\"https:\/\/aubadepiscine.fr\/#organization\"},\"potentialAction\":[{\"@type\":\"SearchAction\",\"target\":{\"@type\":\"EntryPoint\",\"urlTemplate\":\"https:\/\/aubadepiscine.fr\/?s={search_term_string}\"},\"query-input\":{\"@type\":\"PropertyValueSpecification\",\"valueRequired\":true,\"valueName\":\"search_term_string\"}}],\"inLanguage\":\"fr-FR\"},{\"@type\":\"Organization\",\"@id\":\"https:\/\/aubadepiscine.fr\/#organization\",\"name\":\"Aubade Piscine\",\"url\":\"https:\/\/aubadepiscine.fr\/\",\"logo\":{\"@type\":\"ImageObject\",\"inLanguage\":\"fr-FR\",\"@id\":\"https:\/\/aubadepiscine.fr\/#\/schema\/logo\/image\/\",\"url\":\"https:\/\/aubadepiscine.fr\/wp-content\/uploads\/2023\/11\/Logo-Aubade-petit.png\",\"contentUrl\":\"https:\/\/aubadepiscine.fr\/wp-content\/uploads\/2023\/11\/Logo-Aubade-petit.png\",\"width\":397,\"height\":120,\"caption\":\"Aubade Piscine\"},\"image\":{\"@id\":\"https:\/\/aubadepiscine.fr\/#\/schema\/logo\/image\/\"},\"sameAs\":[\"https:\/\/www.facebook.com\/aubadepiscine\"]}]}<\/script>\n<!-- \/ Yoast SEO plugin. -->","yoast_head_json":{"title":"A propos - aubadepiscine.fr","description":"Aubade piscine, notre engagement va au-del\u00e0 de l\u2019installation. Nous offrons un service apr\u00e8s-vente d\u00e9di\u00e9, pour le bon fonctionnement de votre piscine.","robots":{"index":"index","follow":"follow","max-snippet":"max-snippet:-1","max-image-preview":"max-image-preview:large","max-video-preview":"max-video-preview:-1"},"canonical":"https:\/\/aubadepiscine.fr\/?page_id=16","og_locale":"fr_FR","og_type":"article","og_title":"A propos - aubadepiscine.fr","og_description":"Aubade piscine, notre engagement va au-del\u00e0 de l\u2019installation. Nous offrons un service apr\u00e8s-vente d\u00e9di\u00e9, pour le bon fonctionnement de votre piscine.","og_url":"https:\/\/aubadepiscine.fr\/?page_id=16","og_site_name":"aubadepiscine.fr","article_publisher":"https:\/\/www.facebook.com\/aubadepiscine","article_modified_time":"2024-05-23T06:54:26+00:00","og_image":[{"width":1920,"height":1280,"url":"https:\/\/aubadepiscine.fr\/wp-content\/uploads\/2023\/11\/piscine-carre-excel-aubade-2.jpg","type":"image\/jpeg"}],"twitter_card":"summary_large_image","twitter_misc":{"Dur\u00e9e de lecture estim\u00e9e":"5 minutes"},"schema":{"@context":"https:\/\/schema.org","@graph":[{"@type":"WebPage","@id":"https:\/\/aubadepiscine.fr\/?page_id=16","url":"https:\/\/aubadepiscine.fr\/?page_id=16","name":"A propos - aubadepiscine.fr","isPartOf":{"@id":"https:\/\/aubadepiscine.fr\/#website"},"datePublished":"2023-11-22T12:44:48+00:00","dateModified":"2024-05-23T06:54:26+00:00","description":"Aubade piscine, notre engagement va au-del\u00e0 de l\u2019installation. Nous offrons un service apr\u00e8s-vente d\u00e9di\u00e9, pour le bon fonctionnement de votre piscine.","breadcrumb":{"@id":"https:\/\/aubadepiscine.fr\/?page_id=16#breadcrumb"},"inLanguage":"fr-FR","potentialAction":[{"@type":"ReadAction","target":["https:\/\/aubadepiscine.fr\/?page_id=16"]}]},{"@type":"BreadcrumbList","@id":"https:\/\/aubadepiscine.fr\/?page_id=16#breadcrumb","itemListElement":[{"@type":"ListItem","position":1,"name":"Accueil","item":"https:\/\/aubadepiscine.fr\/"},{"@type":"ListItem","position":2,"name":"A propos"}]},{"@type":"WebSite","@id":"https:\/\/aubadepiscine.fr\/#website","url":"https:\/\/aubadepiscine.fr\/","name":"aubadepiscine.fr","description":"Aubade piscine coque, Toulon et ses environs !","publisher":{"@id":"https:\/\/aubadepiscine.fr\/#organization"},"potentialAction":[{"@type":"SearchAction","target":{"@type":"EntryPoint","urlTemplate":"https:\/\/aubadepiscine.fr\/?s={search_term_string}"},"query-input":{"@type":"PropertyValueSpecification","valueRequired":true,"valueName":"search_term_string"}}],"inLanguage":"fr-FR"},{"@type":"Organization","@id":"https:\/\/aubadepiscine.fr\/#organization","name":"Aubade Piscine","url":"https:\/\/aubadepiscine.fr\/","logo":{"@type":"ImageObject","inLanguage":"fr-FR","@id":"https:\/\/aubadepiscine.fr\/#\/schema\/logo\/image\/","url":"https:\/\/aubadepiscine.fr\/wp-content\/uploads\/2023\/11\/Logo-Aubade-petit.png","contentUrl":"https:\/\/aubadepiscine.fr\/wp-content\/uploads\/2023\/11\/Logo-Aubade-petit.png","width":397,"height":120,"caption":"Aubade Piscine"},"image":{"@id":"https:\/\/aubadepiscine.fr\/#\/schema\/logo\/image\/"},"sameAs":["https:\/\/www.facebook.com\/aubadepiscine"]}]}},"_links":{"self":[{"href":"https:\/\/aubadepiscine.fr\/index.php?rest_route=\/wp\/v2\/pages\/16","targetHints":{"allow":["GET"]}}],"collection":[{"href":"https:\/\/aubadepiscine.fr\/index.php?rest_route=\/wp\/v2\/pages"}],"about":[{"href":"https:\/\/aubadepiscine.fr\/index.php?rest_route=\/wp\/v2\/types\/page"}],"author":[{"embeddable":true,"href":"https:\/\/aubadepiscine.fr\/index.php?rest_route=\/wp\/v2\/users\/1"}],"replies":[{"embeddable":true,"href":"https:\/\/aubadepiscine.fr\/index.php?rest_route=%2Fwp%2Fv2%2Fcomments&post=16"}],"version-history":[{"count":41,"href":"https:\/\/aubadepiscine.fr\/index.php?rest_route=\/wp\/v2\/pages\/16\/revisions"}],"predecessor-version":[{"id":1045,"href":"https:\/\/aubadepiscine.fr\/index.php?rest_route=\/wp\/v2\/pages\/16\/revisions\/1045"}],"wp:attachment":[{"href":"https:\/\/aubadepiscine.fr\/index.php?rest_route=%2Fwp%2Fv2%2Fmedia&parent=16"}],"curies":[{"name":"wp","href":"https:\/\/api.w.org\/{rel}","templated":true}]}}